{"id":8075,"date":"2025-01-14T13:00:35","date_gmt":"2025-01-14T10:00:35","guid":{"rendered":"https:\/\/orientation.tyovene.com\/?page_id=8075"},"modified":"2025-01-14T13:00:45","modified_gmt":"2025-01-14T10:00:45","slug":"landing-kirjaudu-rekisteroidy","status":"publish","type":"page","link":"https:\/\/orientation.tyovene.com\/?page_id=8075","title":{"rendered":"Landing (Kirjaudu\/Rekister\u00f6idy)"},"content":{"rendered":"\t\t<div data-elementor-type=\"wp-page\" data-elementor-id=\"8075\" class=\"elementor elementor-8075\" data-elementor-post-type=\"page\">\n\t\t\t\t<div class=\"elementor-element elementor-element-d686fb6 e-flex e-con-boxed e-con e-parent\" data-id=\"d686fb6\" data-element_type=\"container\">\n\t\t\t\t\t<div class=\"e-con-inner\">\n\t\t\t\t<div class=\"elementor-element elementor-element-9bc341a elementor-widget elementor-widget-spacer\" data-id=\"9bc341a\" data-element_type=\"widget\" data-widget_type=\"spacer.default\">\n\t\t\t\t<div class=\"elementor-widget-container\">\n\t\t\t\t\t\t\t<div class=\"elementor-spacer\">\n\t\t\t<div class=\"elementor-spacer-inner\"><\/div>\n\t\t<\/div>\n\t\t\t\t\t\t<\/div>\n\t\t\t\t<\/div>\n\t\t\t\t<div class=\"elementor-element elementor-element-05d9bb4 elementor-widget__width-auto elementor-widget elementor-widget-button\" data-id=\"05d9bb4\" data-element_type=\"widget\" data-widget_type=\"button.default\">\n\t\t\t\t<div class=\"elementor-widget-container\">\n\t\t\t\t\t\t\t\t\t<div class=\"elementor-button-wrapper\">\n\t\t\t\t\t<a class=\"elementor-button elementor-button-link elementor-size-sm\" href=\"https:\/\/orientation.tyovene.com\/?page_id=59\">\n\t\t\t\t\t\t<span class=\"elementor-button-content-wrapper\">\n\t\t\t\t\t\t\t\t\t<span class=\"elementor-button-text\">Kirjaudu sis\u00e4\u00e4n<\/span>\n\t\t\t\t\t<\/span>\n\t\t\t\t\t<\/a>\n\t\t\t\t<\/div>\n\t\t\t\t\t\t\t\t<\/div>\n\t\t\t\t<\/div>\n\t\t\t\t<div class=\"elementor-element elementor-element-825473c elementor-widget elementor-widget-spacer\" data-id=\"825473c\" data-element_type=\"widget\" data-widget_type=\"spacer.default\">\n\t\t\t\t<div class=\"elementor-widget-container\">\n\t\t\t\t\t\t\t<div class=\"elementor-spacer\">\n\t\t\t<div class=\"elementor-spacer-inner\"><\/div>\n\t\t<\/div>\n\t\t\t\t\t\t<\/div>\n\t\t\t\t<\/div>\n\t\t\t\t<div class=\"elementor-element elementor-element-81b3d83 elementor-widget__width-auto elementor-widget elementor-widget-button\" data-id=\"81b3d83\" data-element_type=\"widget\" data-widget_type=\"button.default\">\n\t\t\t\t<div class=\"elementor-widget-container\">\n\t\t\t\t\t\t\t\t\t<div class=\"elementor-button-wrapper\">\n\t\t\t\t\t<a class=\"elementor-button elementor-button-link elementor-size-sm\" href=\"https:\/\/orientation.tyovene.com\/?page_id=394\">\n\t\t\t\t\t\t<span class=\"elementor-button-content-wrapper\">\n\t\t\t\t\t\t\t\t\t<span class=\"elementor-button-text\">Rekister\u00f6idy<\/span>\n\t\t\t\t\t<\/span>\n\t\t\t\t\t<\/a>\n\t\t\t\t<\/div>\n\t\t\t\t\t\t\t\t<\/div>\n\t\t\t\t<\/div>\n\t\t\t\t\t<\/div>\n\t\t\t\t<\/div>\n\t\t\t\t<\/div>\n\t\t","protected":false},"excerpt":{"rendered":"<p>Kirjaudu sis\u00e4\u00e4n Rekister\u00f6idy<\/p>\n","protected":false},"author":4,"featured_media":0,"parent":0,"menu_order":0,"comment_status":"closed","ping_status":"closed","template":"","meta":{"footnotes":""},"class_list":["post-8075","page","type-page","status-publish","hentry"],"_links":{"self":[{"href":"https:\/\/orientation.tyovene.com\/index.php?rest_route=\/wp\/v2\/pages\/8075","targetHints":{"allow":["GET"]}}],"collection":[{"href":"https:\/\/orientation.tyovene.com\/index.php?rest_route=\/wp\/v2\/pages"}],"about":[{"href":"https:\/\/orientation.tyovene.com\/index.php?rest_route=\/wp\/v2\/types\/page"}],"author":[{"embeddable":true,"href":"https:\/\/orientation.tyovene.com\/index.php?rest_route=\/wp\/v2\/users\/4"}],"replies":[{"embeddable":true,"href":"https:\/\/orientation.tyovene.com\/index.php?rest_route=%2Fwp%2Fv2%2Fcomments&post=8075"}],"version-history":[{"count":4,"href":"https:\/\/orientation.tyovene.com\/index.php?rest_route=\/wp\/v2\/pages\/8075\/revisions"}],"predecessor-version":[{"id":8079,"href":"https:\/\/orientation.tyovene.com\/index.php?rest_route=\/wp\/v2\/pages\/8075\/revisions\/8079"}],"wp:attachment":[{"href":"https:\/\/orientation.tyovene.com\/index.php?rest_route=%2Fwp%2Fv2%2Fmedia&parent=8075"}],"curies":[{"name":"wp","href":"https:\/\/api.w.org\/{rel}","templated":true}]}}